h?
27
Let y(j) = j**2 + 5*j - 21. Let v be y(-8). Suppose -3*g + 117 = 2*a, 6*a + 3*g = v*a + 168. What is the remainder when a is divided by 21?
9
Let y(g) = g**2 - 24*g. Let k(q) = 3*q**2 - 72*q - 1. Let p(r) = -3*k(r) + 8*y(r). What is the remainder when p(14) is divided by 16?
15
Let q be 1*((-702)/18)/(-13). Let z(m) = -32*m + 2. Let g be z(-5). Suppose 0 = -3*i - q*i + g. What is the remainder when i is divided by 7?
6
Suppose -6*k = -108 - 36. Let s(f) = -f**2 + 13*f - 13. Let w be s(6). Suppose 8*p = w*p - 1428. What is the remainder when p is divided by k?
20
Suppose -98 = -2*v - 2*k, 6*v + 3*k = 2*v + 200. Let c = v + -42. Suppose -4*j = 0, 2*b - 5*j = b + 19. Calculate the remainder when b is divided by c.
8
Let v = 57 - -113. Let a = -637 - -686. Suppose -a*z = -54*z + v. What is the remainder when 64 is divided by z?
30
Suppose 86*a + 70*a - 63472 = -11992. Calculate the remainder when a is divided by 67.
62
Suppose 33*n + 5478 = 22*n. Let p = -489 - n. Calculate the remainder when 161 is divided by p.
8
Suppose 875 - 14177 + 1332 = -266*l. Calculate the remainder when ((-172)/(-6))/((-3)/(-9)) is divided by l.
41
Let j be (-144)/14 - (30/42 - 1). Let s be j*(-4)/(-32)*-4. Calculate the remainder when (5/s - 3)*(-53)/2 is divided by 4.
1
Let x(c) = 3*c**2 - 4*c + 13. What is the remainder when 120 is divided by x(-5)?
12
Let x = 772 - 532. What is the remainder when 37408/x + (-4)/(-30) is divided by 81?
75
Suppose 4*v - 981 + 297 = 0. What is the remainder when v is divided by 54?
9
Let l = 416 - 405. Let a be 0/(-1*6/3). Let j(h) = h**2 + 65. Calculate the remainder when j(a) is divided by l.
10
Let u = -1358 + 1399. What is the remainder when 365 is divided by u?
37
Suppose 4797 + 4540 = 12*w - 2723. What is the remainder when w is divided by 105?
60
Let w = 6081 - 6074. What is the remainder when 147 is divided by w?
0
Suppose i - 53 = -q - 6, -3*i = -3. Suppose 4*m - c - 431 = -0*m, 2*m - 2*c = 208. Calculate the remainder when m is divided by q.
17
Let k be -2 + -5 + (-60)/(-6). Suppose 0 = -4*g - 3*c + 119, -g - k*g + 137 = -3*c. Calculate the remainder when g is divided by 11.
10
Calculate the remainder when 972 is divided by 6*(7 - (-1649)/102).
138
Suppose 65*w - 67*w + 394 = 2*z, 5*w - 967 = 4*z. What is the remainder when 8188 is divided by w?
193
Let z(q) = -2*q**2 - 1 + 100*q - 24 + 102*q - 176*q - 16. What is the remainder when 167 is divided by z(7)?
38
Let n = -2006 + 2177. What is the remainder when n is divided by 114?
57
Suppose -3*f + 4*f = 4*k - 2103, -4*f = 2*k - 1074. Let a = -1472 - -1484. What is the remainder when k is divided by a?
11
Suppose 2*s - 44 = 3*l, 13*l - 12*l + 16 = 2*s. Let k(n) = -14*n - 185. Calculate the remainder when 98 is divided by k(l).
10
Suppose 10 = -5*p, v - 14*p + 11*p + 62 = 0. Calculate the remainder when 2669/v*12/(-1) is divided by 8.
7
Let w = -8265 + 8667. What is the remainder when 1210 is divided by w?
4
Let v(f) = 38*f**2 - 647*f + 35. Calculate the remainder when 315 is divided by v(17).
9
Suppose 44 = 13*o - 372. Suppose 4*c = 2*t + 536, -5*t + 12 = o. Suppose 3*l - 6*l + 12 = 0, -4*j = 2*l - c. What is the remainder when j is divided by 17?
14
Let n = -1 + -1. Calculate the remainder when ((-47)/(-9) + -5)/((2652/39)/8568) is divided by (n - -3)*-1 - -18.
11
Let b = 8 + 16. What is the remainder when (-44 - (3 + -2)*-1)*(22 - 24) is divided by b?
14
Suppose -129*i + 2163 + 3119 = -110*i. What is the remainder when i is divided by (62*-1)/(3 + -5)?
30
Let a = 64 + -6. Suppose 2*j - 11*j + 36 = 0. Suppose 3*z + 23 = j*q - 19, 0 = -5*q - 2*z + 64. What is the remainder when a is divided by q?
10
Let g = 2254 + -2228. What is the remainder when 74 is divided by g?
22
Let i be 62*(-6)/(-4)*(2 - 1). What is the remainder when 1*i + (-16 - -20) is divided by 20?
17
Suppose -17*c + 400 = 8*c. Suppose -4*l = -c - 24. Calculate the remainder when (1 - (0 + 1)) + 13 is divided by l.
3
Let k(q) be the second derivative of q**4/6 + 5*q**3/3 + 4*q**2 + 90*q. Calculate the remainder when 176 is divided by k(-7).
32
Let z be (-416)/3 - (-4)/6. Suppose -63*k + 6821 + 5590 = 0. Let u = k + z. Calculate the remainder when u is divided by 21.
17
Let g = 117 + -113. Suppose -45 = -g*a + 63. What is the remainder when 53 is divided by a?
26
Let f(s) = -25*s**3 - 5*s**2 - 25*s - 45. Calculate the remainder when f(-3) is divided by 51.
48
Suppose -2*b + 4*n + 2106 = 0, 14*n - 12*n + 3147 = 3*b. What is the remainder when b is divided by 29?
3
Let y = 2752 - 2645. Calculate the remainder when 318 is divided by y.
104
Suppose 27*x - 49*x = -1496. Suppose m = x + 83. What is the remainder when m is divided by 53?
45
Suppose 14*p = 6*p + 704. Let w = 102 - p. Suppose 12 = v + 2*c, -3*v - c = -2 - w. Calculate the remainder when 29 is divided by v.
1
Let x be 0 + 3 + (6 - 8). Let m(z) = 25*z**2 + 9*z - 9. What is the remainder when 88 is divided by m(x)?
13
Let v(f) = -4*f + 11. Let u be v(3). Let c = 3 - 4. Calculate the remainder when 213 is divided by ((6 - 2) + u)/(c/(-6)).
15
Let x(k) = -3*k**2 + 4*k + 77. What is the remainder when 459 is divided by x(0)?
74
Suppose -115*h + 393862 = -270033. What is the remainder when h is divided by 75?
73
Suppose -f - 98 = -3*k, -54*f + 52*f + 76 = 2*k. Suppose -k - 26 = -6*n. Calculate the remainder when 88 is divided by n.
8
Let n be (-18)/27*1038/(-4). Suppose -2*b = -k - 57, -4*b = 4*k + 41 - n. Suppose 2*z - 7*z = -b. What is the remainder when 27 is divided by z?
3
Let l(a) = 24*a**2 - 14*a - 23. Let w(v) = 8*v**2 - 5*v - 8. Let p(i) = 6*l(i) - 17*w(i). Calculate the remainder when 80 is divided by p(-2).
24
What is the remainder when 468 is divided by ((-536)/100*-5)/(39/(-15) + 3)?
66
Let z(i) = -3*i**3 - 26*i**2 + 13*i + 419. Calculate the remainder when z(-11) is divided by 52.
31
Suppose -457 = -27*v + 29. Calculate the remainder when 618 is divided by v.
6
Suppose 3*x - 44 = x + i, -3*x - 4*i + 66 = 0. Suppose 10*n = 4*l + 196, 143*l = 3*n + 141*l - 58. What is the remainder when x is divided by n?
2
Calculate the remainder when 137 is divided by (77994/30)/21 + (-6)/(-5).
12
Let v(l) = -l**3 - 5*l**2 + 415*l + 106. Suppose -104 = -5*j + 1. What is the remainder when v(-23) is divided by j?
20
Let g be 6*4/((-36)/(-147)). Let u = -260 + 167. Let y = u + g. Calculate the remainder when 19 is divided by y.
4
Let j(z) = 62*z**2 + 74*z + 564. What is the remainder when j(-7) is divided by 3073?
11
What is the remainder when 298 is divided by (-2 - -105) + (-28)/70*5?
96
Let a be ((-8)/10)/(2/15). Calculate the remainder when (-5 + (-184)/(-6))/((-2)/a) is divided by 9.
5
What is the remainder when 252 is divided by 408/(-66) + 6 - (-1126)/22?
48
Suppose -6*p = -1 - 59. Suppose 5*m + p = 0, -2*m - 138 = -4*d - m. Suppose f - d = -3*f + 2*v, 5*v + 55 = 5*f. What is the remainder when 23 is divided by f?
5
Suppose -7 + 2 = 5*a. What is the remainder when 57 is divided by 30/(18/(-27)*3*a)?
12
Suppose 0 = -3*x - 5*o - 118, 50 + 26 = -2*x - 2*o. Let a(k) = -k**3 - 34*k**2 + 69*k + 26. Let z = -2 + 36. Calculate the remainder when a(x) is divided by z.
32
Let s = 174 - 169. What is the remainder when 28 is divided by 156/(-90)*6*s/(-2)?
2
Let n(x) = 18*x**2 + 30*x + 29. What is the remainder when 78 is divided by n(-1)?
10
Suppose 4*f - 10 = -s, 0 = -s + 4*f - 2*f + 4. Let j be -343 - (1 + -5) - (3 + -8). Let q = j - -362. What is the remainder when q is divided by s?
4
Let i = 16 + -43. What is the remainder when 121 is divided by (-72)/i*(93/12 - -2)?
17
Let g be 1/2*205*2. Suppose -7*y + g = -2*y. Let b(f) = 31*f + 6. What is the remainder when b(5) is divided by y?
38
Suppose 6 = r + 1. Let y(o) = 20*o**2 - 49*o + 70. Calculate the remainder when y(2) is divided by r.
2
Let j(q) = -q**3 - 20*q**2 - q + 7. Let s(i) = -3*i**2 + 3*i - 2. Let w be s(3). What is the remainder when j(w) is divided by 26/3 - 8/12?
3
Let s = 13514 + -13365. Calculate the remainder when s is divided by 79.
70
Let b(l) = -2*l**3 - 123*l**2 + 68*l + 392. What is the remainder when 2226 is divided by b(-62)?
6
Let g(o) = 2*o**2 - 48*o - 1301. Calculate the remainder when g(-32) is divided by 52.
47
Let u(s) = s**2 + 13 + 18*s - 10*s**2 - s**3 + s - 2*s. Let p be u(-11). 